{"id":993,"date":"2026-02-09T17:25:59","date_gmt":"2026-02-09T17:25:59","guid":{"rendered":"https:\/\/www.unimaqmachinery.com\/?post_type=product&#038;p=993"},"modified":"2026-02-09T17:25:59","modified_gmt":"2026-02-09T17:25:59","slug":"rastrillo","status":"publish","type":"product","link":"https:\/\/www.unimaqmachinery.com\/index.php\/producto\/rastrillo\/","title":{"rendered":"Rastrillo"},"content":{"rendered":"","protected":false},"excerpt":{"rendered":"<h1><span style=\"font-size: 50px; font-weight: 800; color: #ffffff; background-color: #0e68b2; padding: 10px;\"><strong>COMPLEMENTOS<\/strong><\/span><\/h1>\n<h2><span style=\"color: #0e68b2;\"><strong>RASTRILLO<\/strong><\/span><\/h2>\n<p><a href=\"https:\/\/www.unimaqmachinery.com\/index.php\/contacto\/\" rel=\"noopener\"><button class=\"gb-text gb-text-29ce8189\"><strong>LLAMAR AHORA<\/strong><\/button><\/a><\/p>\n<hr \/>\n<p>Este rastrillo es una herramienta indispensable para las tareas de limpieza y preparaci\u00f3n de terrenos, nivelaci\u00f3n de suelos y desbroce de maleza.<\/p>\n<p>A pesar de su construcci\u00f3n robusta, el rastrillo es f\u00e1cil de usar y est\u00e1 dise\u00f1ado para ofrecer los mejores resultados posibles en cualquier entorno de trabajo.<\/p>\n<p>Disponemos de varias anchuras diferentes (40 cm., 60 cm. y 80 cm.) por lo que se adapta f\u00e1cilmente a los distintos modelos de excavadoras y tareas, lo que lo convierte en un accesorio muy flexible y eficaz.<\/p>\n","protected":false},"featured_media":994,"template":"","meta":{"_uag_custom_page_level_css":"","_joinchat":[]},"product_brand":[],"product_cat":[31],"product_tag":[],"class_list":{"0":"post-993","1":"product","2":"type-product","3":"status-publish","4":"has-post-thumbnail","6":"product_cat-complementos","7":"","8":"woocommerce-text-align-center","9":"woocommerce-image-align-center","11":"first","12":"instock","13":"shipping-taxable","14":"product-type-simple"},"uagb_featured_image_src":{"full":["https:\/\/www.unimaqmachinery.com\/wp-content\/uploads\/2026\/02\/Rastrillo-RIPPA.jpg",590,399,false],"thumbnail":["https:\/\/www.unimaqmachinery.com\/wp-content\/uploads\/2026\/02\/Rastrillo-RIPPA-150x150.jpg",150,150,true],"medium":["https:\/\/www.unimaqmachinery.com\/wp-content\/uploads\/2026\/02\/Rastrillo-RIPPA-300x203.jpg",300,203,true],"medium_large":["https:\/\/www.unimaqmachinery.com\/wp-content\/uploads\/2026\/02\/Rastrillo-RIPPA.jpg",590,399,false],"large":["https:\/\/www.unimaqmachinery.com\/wp-content\/uploads\/2026\/02\/Rastrillo-RIPPA.jpg",590,399,false],"1536x1536":["https:\/\/www.unimaqmachinery.com\/wp-content\/uploads\/2026\/02\/Rastrillo-RIPPA.jpg",590,399,false],"2048x2048":["https:\/\/www.unimaqmachinery.com\/wp-content\/uploads\/2026\/02\/Rastrillo-RIPPA.jpg",590,399,false],"woocommerce_thumbnail":["https:\/\/www.unimaqmachinery.com\/wp-content\/uploads\/2026\/02\/Rastrillo-RIPPA-300x225.jpg",300,225,true],"woocommerce_single":["https:\/\/www.unimaqmachinery.com\/wp-content\/uploads\/2026\/02\/Rastrillo-RIPPA.jpg",590,399,false],"woocommerce_gallery_thumbnail":["https:\/\/www.unimaqmachinery.com\/wp-content\/uploads\/2026\/02\/Rastrillo-RIPPA-100x100.jpg",100,100,true]},"uagb_author_info":{"display_name":"Jes\u00fas Elorriaga Pardo","author_link":"https:\/\/www.unimaqmachinery.com\/index.php\/author\/"},"uagb_comment_info":0,"uagb_excerpt":"COMPLEMENTOS RASTRILLO LLAMAR AHORA Este rastrillo es una herramienta indispensable para las tareas de limpieza y preparaci\u00f3n de terrenos, nivelaci\u00f3n de suelos y desbroce de maleza. A pesar de su construcci\u00f3n robusta, el rastrillo es f\u00e1cil de usar y est\u00e1 dise\u00f1ado para ofrecer los mejores resultados posibles en cualquier entorno de trabajo. Disponemos de varias&hellip;","_links":{"self":[{"href":"https:\/\/www.unimaqmachinery.com\/index.php\/wp-json\/wp\/v2\/product\/993","targetHints":{"allow":["GET"]}}],"collection":[{"href":"https:\/\/www.unimaqmachinery.com\/index.php\/wp-json\/wp\/v2\/product"}],"about":[{"href":"https:\/\/www.unimaqmachinery.com\/index.php\/wp-json\/wp\/v2\/types\/product"}],"wp:featuredmedia":[{"embeddable":true,"href":"https:\/\/www.unimaqmachinery.com\/index.php\/wp-json\/wp\/v2\/media\/994"}],"wp:attachment":[{"href":"https:\/\/www.unimaqmachinery.com\/index.php\/wp-json\/wp\/v2\/media?parent=993"}],"wp:term":[{"taxonomy":"product_brand","embeddable":true,"href":"https:\/\/www.unimaqmachinery.com\/index.php\/wp-json\/wp\/v2\/product_brand?post=993"},{"taxonomy":"product_cat","embeddable":true,"href":"https:\/\/www.unimaqmachinery.com\/index.php\/wp-json\/wp\/v2\/product_cat?post=993"},{"taxonomy":"product_tag","embeddable":true,"href":"https:\/\/www.unimaqmachinery.com\/index.php\/wp-json\/wp\/v2\/product_tag?post=993"}],"curies":[{"name":"wp","href":"https:\/\/api.w.org\/{rel}","templated":true}]}}